{"id":1116,"date":"2025-07-06T06:28:08","date_gmt":"2025-07-06T06:28:08","guid":{"rendered":"http:\/\/localhost\/cmatest\/?post_type=product&#038;p=1116"},"modified":"2025-07-15T06:31:32","modified_gmt":"2025-07-15T06:31:32","slug":"du-toan-ngan-sach","status":"publish","type":"product","link":"https:\/\/tranthihoa.com\/index.php\/product\/du-toan-ngan-sach\/","title":{"rendered":"D\u1ef0 TO\u00c1N NG\u00c2N S\u00c1CH"},"content":{"rendered":"<h6><span style=\"color: #ff9900;\">M\u1ee4C TI\u00caU KH\u00d3A H\u1eccC:<\/span><\/h6>\n<ul>\n<li>Hi\u1ec3u \u0111\u01b0\u1ee3c t\u1ea1i sao ph\u1ea3i l\u1eadp d\u1ef1 to\u00e1n v\u00e0 quy tr\u00ecnh d\u1ef1 to\u00e1n<\/li>\n<li>L\u1eadp d\u1ef1 to\u00e1n b\u00e1n h\u00e0ng v\u00e0 thu ti\u1ec1n<\/li>\n<li>L\u1eadp d\u1ef1 to\u00e1n s\u1ea3n xu\u1ea5t<\/li>\n<li>L\u1eadp d\u1ef1 to\u00e1n v\u1eadt li\u1ec7u tr\u1ef1c ti\u1ebfp bao g\u1ed3m th\u1eddi gian thanh to\u00e1n ti\u1ec1n cho NCC \u0111\u1ec3 mua Nguy\u00ean v\u1eadt li\u1ec7u<\/li>\n<li>L\u1eadp d\u1ef1 to\u00e1n lao \u0111\u1ed9ng tr\u1ef1c ti\u1ebfp<\/li>\n<li>L\u1eadp d\u1ef1 to\u00e1n chi ph\u00ed s\u1ea3n xu\u1ea5t chung<\/li>\n<li>L\u1eadp d\u1ef1 to\u00e1n chi ph\u00ed b\u00e1n h\u00e0ng v\u00e0 qu\u1ea3n l\u00fd doanh nghi\u1ec7p<\/li>\n<li>L\u1eadp d\u1ef1 to\u00e1n ti\u1ec1n<\/li>\n<li>L\u1eadp b\u00e1o c\u00e1o thu nh\u1eadp d\u1ef1 to\u00e1n<\/li>\n<li>L\u1eadp b\u1ea3ng c\u00e2n \u0111\u1ed1i k\u1ebf to\u00e1n d\u1ef1 to\u00e1n<\/li>\n<\/ul>\n<h6><span style=\"color: #ff9900;\">T\u00cdNH N\u0102NG N\u1ed4I B\u1eacT C\u1ee6A KH\u00d3A H\u1eccC:<\/span><\/h6>\n<ul>\n<li>H\u1ecdc vi\u00ean \u0111\u01b0\u1ee3c th\u1ef1c h\u00e0nh tr\u1ef1c ti\u1ebfp v\u1edbi gi\u1ea3ng vi\u00ean c\u00f3 kinh nghi\u1ec7m th\u1ef1c ti\u1ec5n.<\/li>\n<li>N\u1ed9i dung \u0111\u00e0o t\u1ea1o b\u00e1m s\u00e1t nhu c\u1ea7u th\u1ef1c t\u1ebf c\u1ee7a DN<\/li>\n<li>Ph\u01b0\u01a1ng ph\u00e1p \u0111\u00e0o t\u1ea1o hi\u1ec7n \u0111\u1ea1i: th\u1ef1c h\u00e0nh, th\u1ecb ph\u1ea1m, ph\u1ea3n h\u1ed3i t\u1ee9c th\u00ec.<\/li>\n<\/ul>\n<h6><span style=\"color: #ff9900;\">\u0110\u1ed0I T\u01af\u1ee2NG THAM D\u1ef0:<\/span><\/h6>\n<ul>\n<li>Nh\u00e0 l\u00e3nh \u0111\u1ea1o<\/li>\n<li>C\u00e1n b\u1ed9 qu\u1ea3n l\u00fd c\u1ea5p cao<\/li>\n<li>C\u00e1 nh\u00e2n mu\u1ed1n n\u00e2ng cao n\u0103ng l\u1ef1c \u0111\u1ec3 ph\u00e1t tri\u1ec3n s\u1ef1 nghi\u1ec7p trong l\u0129nh v\u1ef1c Qu\u1ea3n tr\u1ecb t\u00e0i ch\u00ednh Doanh nghi\u1ec7p.<\/li>\n<\/ul>\n<h6><span style=\"color: #ff9900;\">N\u1ed8I DUNG CHI TI\u1ebeT KH\u00d3A H\u1eccC:<\/span><\/h6>\n<table style=\"height: 1735px;\" width=\"517\">\n<tbody>\n<tr>\n<td width=\"66\"><strong>STT <\/strong><\/td>\n<td width=\"520\"><strong>N\u1ed9i dung<\/strong><\/td>\n<\/tr>\n<tr>\n<td width=\"66\"><strong>1 <\/strong><\/td>\n<td width=\"520\"><strong>Ki\u1ebfn th\u1ee9c t\u1ed5ng quan v\u1ec1 vi\u1ec7c l\u1eadp d\u1ef1 to\u00e1n ng\u00e2n s\u00e1ch<\/strong><\/td>\n<\/tr>\n<tr>\n<td width=\"66\">1.1<\/td>\n<td width=\"520\">D\u1ef1 to\u00e1n ch\u1ee7 \u0111\u1ea1o v\u00e0 d\u1ef1 to\u00e1n linh ho\u1ea1t<\/td>\n<\/tr>\n<tr>\n<td width=\"66\">1.2<\/td>\n<td width=\"520\">M\u1ee5c \u0111\u00edch l\u1eadp D\u1ef1 to\u00e1n ng\u00e2n s\u00e1ch ch\u1ee7 \u0111\u1ea1o<\/td>\n<\/tr>\n<tr>\n<td width=\"66\">1.3<\/td>\n<td width=\"520\">L\u1ee3i \u00edch c\u1ee7a vi\u1ec7c l\u1eadp d\u1ef1 to\u00e1n \u0111\u1ed1i v\u1edbi t\u1ed5 ch\u1ee9c<\/td>\n<\/tr>\n<tr>\n<td width=\"66\">1.4<\/td>\n<td width=\"520\">Vai tr\u00f2, tr\u00e1ch nhi\u1ec7m c\u1ee7a k\u1ebf to\u00e1n trong vi\u1ec7c l\u1eadp d\u1ef1 to\u00e1n<\/td>\n<\/tr>\n<tr>\n<td width=\"66\">1.5<\/td>\n<td width=\"520\">Ch\u1ecdn k\u1ef3 l\u1eadp d\u1ef1 to\u00e1n<\/td>\n<\/tr>\n<tr>\n<td width=\"66\">1.6<\/td>\n<td width=\"520\">M\u00f4i tr\u01b0\u1eddng l\u1eadp d\u1ef1 to\u00e1n<\/td>\n<\/tr>\n<tr>\n<td width=\"66\">1.7<\/td>\n<td width=\"520\">Y\u1ebfu t\u1ed1 con ng\u01b0\u1eddi trong d\u1ef1 to\u00e1n<\/td>\n<\/tr>\n<tr>\n<td width=\"66\">1.8<\/td>\n<td width=\"520\">Quy tr\u00ecnh l\u1eadp d\u1ef1 to\u00e1n<\/td>\n<\/tr>\n<tr>\n<td width=\"66\"><strong>2 <\/strong><\/td>\n<td width=\"520\"><strong>L\u1eadp d\u1ef1 to\u00e1n ch\u1ee7 \u0111\u1ea1o<\/strong><\/td>\n<\/tr>\n<tr>\n<td width=\"66\">2.1<\/td>\n<td width=\"520\">K\u1ebf ho\u1ea1ch kinh doanh t\u00edch h\u1ee3p- D\u1ef1 to\u00e1n ch\u1ee7 \u0111\u1ea1o<\/td>\n<\/tr>\n<tr>\n<td width=\"66\">2.2<\/td>\n<td width=\"520\">\u01af\u1edbc t\u00ednh v\u00e0 cho c\u00e1c gi\u1ea3 \u0111\u1ecbnh cho d\u1ef1 to\u00e1n ch\u1ee7 \u0111\u1ea1o<\/td>\n<\/tr>\n<tr>\n<td width=\"66\">2.2.1<\/td>\n<td width=\"520\">D\u1ef1 to\u00e1n b\u00e1n h\u00e0ng v\u00e0 thu ti\u1ec1n<\/p>\n<p>D\u1ef1 to\u00e1n h\u00e0ng b\u00e1n b\u1ecb tr\u1ea3 l\u1ea1i<\/td>\n<\/tr>\n<tr>\n<td width=\"66\">2.2.2<\/td>\n<td width=\"520\">D\u1ef1 to\u00e1n s\u1ea3n xu\u1ea5t ( C\u00f4ng ty s\u1ea3n xu\u1ea5t)<\/p>\n<p>D\u1ef1 to\u00e1n mua h\u00e0ng t\u1ed3n kho ( C\u00f4ng ty th\u01b0\u01a1ng m\u1ea1i)<\/td>\n<\/tr>\n<tr>\n<td width=\"66\">2.2.3<\/td>\n<td width=\"520\">D\u1ef1 to\u00e1n nguy\u00ean v\u1eadt li\u1ec7u tr\u1ef1c ti\u1ebfp<\/td>\n<\/tr>\n<tr>\n<td width=\"66\">2.2.4<\/td>\n<td width=\"520\">D\u1ef1 to\u00e1n nh\u00e2n c\u00f4ng tr\u1ef1c ti\u1ebfp<\/td>\n<\/tr>\n<tr>\n<td width=\"66\">2.2.5<\/td>\n<td width=\"520\">D\u1ef1 to\u00e1n Chi ph\u00ed s\u1ea3n xu\u1ea5t chung<\/td>\n<\/tr>\n<tr>\n<td width=\"66\">2.2.6<\/td>\n<td width=\"520\">D\u1ef1 to\u00e1n chi ph\u00ed b\u00e1n h\u00e0ng v\u00e0 qu\u1ea3n l\u00fd doanh nghi\u1ec7p<\/td>\n<\/tr>\n<tr>\n<td width=\"66\">2.2.7<\/td>\n<td width=\"520\">D\u1ef1 to\u00e1n ti\u1ec1n<\/td>\n<\/tr>\n<tr>\n<td width=\"66\">2.2.8<\/td>\n<td width=\"520\">D\u1ef1 to\u00e1n thu nh\u1eadp<\/td>\n<\/tr>\n<tr>\n<td width=\"66\">2.2.9<\/td>\n<td width=\"520\">B\u1ea3ng c\u00e2n \u0111\u1ed1i k\u1ebf to\u00e1n d\u1ef1 to\u00e1n<\/td>\n<\/tr>\n<tr>\n<td width=\"66\"><strong>3<\/strong><\/td>\n<td width=\"520\"><strong>L\u1eadp d\u1ef1 to\u00e1n theo \u0111\u01a1n h\u00e0ng<\/strong><\/td>\n<\/tr>\n<tr>\n<td width=\"66\"><strong>4<\/strong><\/td>\n<td width=\"520\"><strong>Case study<\/strong><\/td>\n<\/tr>\n<\/tbody>\n<\/table>\n<h6><span style=\"color: #ff9900;\"><strong>CAM K\u1ebeT \u0110\u1ea6U RA:<\/strong><\/span><\/h6>\n<ul>\n<li>X\u00e2y d\u1ef1ng k\u1ebf ho\u1ea1ch ng\u00e2n s\u00e1ch b\u00e1m s\u00e1t m\u1ee5c ti\u00eau kinh doanh<\/li>\n<li>Ch\u1ee7 \u0111\u1ed9ng d\u1ef1 b\u00e1o v\u00e0 qu\u1ea3n l\u00fd r\u1ee7i ro t\u00e0i ch\u00ednh<\/li>\n<li>T\u1ed1i \u01b0u h\u00f3a ph\u00e2n b\u1ed5 ngu\u1ed3n l\u1ef1c \u0111\u1ec3 gia t\u0103ng hi\u1ec7u su\u1ea5t t\u1ed5 ch\u1ee9c<\/li>\n<\/ul>\n","protected":false},"excerpt":{"rendered":"<p data-start=\"163\" data-end=\"257\">L\u00e0m ch\u1ee7 c\u00f4ng c\u1ee5 l\u1eadp k\u1ebf ho\u1ea1ch t\u00e0i ch\u00ednh \u2013 T\u1ed1i \u01b0u h\u00f3a ngu\u1ed3n l\u1ef1c \u2013 Ki\u1ec3m so\u00e1t chi ph\u00ed hi\u1ec7u qu\u1ea3<\/p>\n<p data-start=\"163\" data-end=\"257\">Kh\u00f3a h\u1ecdc gi\u00fap h\u1ecdc vi\u00ean n\u1eafm v\u1eefng quy tr\u00ecnh l\u1eadp d\u1ef1 to\u00e1n ng\u00e2n s\u00e1ch cho doanh nghi\u1ec7p, t\u1eeb b\u00e1n h\u00e0ng, s\u1ea3n xu\u1ea5t, chi ph\u00ed \u0111\u1ebfn b\u00e1o c\u00e1o t\u00e0i ch\u00ednh d\u1ef1 to\u00e1n. Sau kh\u00f3a h\u1ecdc, h\u1ecdc vi\u00ean c\u00f3 th\u1ec3 x\u00e2y d\u1ef1ng k\u1ebf ho\u1ea1ch ng\u00e2n s\u00e1ch b\u00e0i b\u1ea3n, ki\u1ec3m so\u00e1t t\u00e0i ch\u00ednh ch\u1eb7t ch\u1ebd v\u00e0 h\u1ed7 tr\u1ee3 nh\u00e0 qu\u1ea3n l\u00fd \u0111\u01b0a ra c\u00e1c quy\u1ebft \u0111\u1ecbnh chi\u1ebfn l\u01b0\u1ee3c d\u1ef1a tr\u00ean d\u1eef li\u1ec7u \u0111\u1ecbnh l\u01b0\u1ee3ng r\u00f5 r\u00e0ng.<\/p>\n","protected":false},"featured_media":263,"comment_status":"open","ping_status":"closed","template":"","meta":{"site-sidebar-layout":"default","site-content-layout":"","ast-site-content-layout":"default","site-content-style":"default","site-sidebar-style":"default","ast-global-header-display":"","ast-banner-title-visibility":"","ast-main-header-display":"","ast-hfb-above-header-display":"","ast-hfb-below-header-display":"","ast-hfb-mobile-header-display":"","site-post-title":"","ast-breadcrumbs-content":"","ast-featured-img":"","footer-sml-layout":"","ast-disable-related-posts":"","theme-transparent-header-meta":"default","adv-header-id-meta":"","stick-header-meta":"","header-above-stick-meta":"","header-main-stick-meta":"","header-below-stick-meta":"","astra-migrate-meta-layouts":"set","ast-page-background-enabled":"default","ast-page-background-meta":{"desktop":{"background-color":"var(--ast-global-color-4)","background-image":"","background-repeat":"repeat","background-position":"center center","background-size":"auto","background-attachment":"scroll","background-type":"","background-media":"","overlay-type":"","overlay-color":"","overlay-opacity":"","overlay-gradient":""},"tablet":{"background-color":"","background-image":"","background-repeat":"repeat","background-position":"center center","background-size":"auto","background-attachment":"scroll","background-type":"","background-media":"","overlay-type":"","overlay-color":"","overlay-opacity":"","overlay-gradient":""},"mobile":{"background-color":"","background-image":"","background-repeat":"repeat","background-position":"center center","background-size":"auto","background-attachment":"scroll","background-type":"","background-media":"","overlay-type":"","overlay-color":"","overlay-opacity":"","overlay-gradient":""}},"ast-content-background-meta":{"desktop":{"background-color":"var(--ast-global-color-5)","background-image":"","background-repeat":"repeat","background-position":"center center","background-size":"auto","background-attachment":"scroll","background-type":"","background-media":"","overlay-type":"","overlay-color":"","overlay-opacity":"","overlay-gradient":""},"tablet":{"background-color":"var(--ast-global-color-5)","background-image":"","background-repeat":"repeat","background-position":"center center","background-size":"auto","background-attachment":"scroll","background-type":"","background-media":"","overlay-type":"","overlay-color":"","overlay-opacity":"","overlay-gradient":""},"mobile":{"background-color":"var(--ast-global-color-5)","background-image":"","background-repeat":"repeat","background-position":"center center","background-size":"auto","background-attachment":"scroll","background-type":"","background-media":"","overlay-type":"","overlay-color":"","overlay-opacity":"","overlay-gradient":""}}},"product_brand":[],"product_cat":[125],"product_tag":[],"class_list":{"0":"post-1116","1":"product","2":"type-product","3":"status-publish","4":"has-post-thumbnail","6":"product_cat-khoa-hoc-nang-cao","7":"desktop-align-left","8":"tablet-align-left","9":"mobile-align-left","11":"first","12":"instock","13":"downloadable","14":"virtual","15":"taxable","16":"purchasable","17":"product-type-simple"},"_links":{"self":[{"href":"https:\/\/tranthihoa.com\/index.php\/wp-json\/wp\/v2\/product\/1116","targetHints":{"allow":["GET"]}}],"collection":[{"href":"https:\/\/tranthihoa.com\/index.php\/wp-json\/wp\/v2\/product"}],"about":[{"href":"https:\/\/tranthihoa.com\/index.php\/wp-json\/wp\/v2\/types\/product"}],"replies":[{"embeddable":true,"href":"https:\/\/tranthihoa.com\/index.php\/wp-json\/wp\/v2\/comments?post=1116"}],"wp:featuredmedia":[{"embeddable":true,"href":"https:\/\/tranthihoa.com\/index.php\/wp-json\/wp\/v2\/media\/263"}],"wp:attachment":[{"href":"https:\/\/tranthihoa.com\/index.php\/wp-json\/wp\/v2\/media?parent=1116"}],"wp:term":[{"taxonomy":"product_brand","embeddable":true,"href":"https:\/\/tranthihoa.com\/index.php\/wp-json\/wp\/v2\/product_brand?post=1116"},{"taxonomy":"product_cat","embeddable":true,"href":"https:\/\/tranthihoa.com\/index.php\/wp-json\/wp\/v2\/product_cat?post=1116"},{"taxonomy":"product_tag","embeddable":true,"href":"https:\/\/tranthihoa.com\/index.php\/wp-json\/wp\/v2\/product_tag?post=1116"}],"curies":[{"name":"wp","href":"https:\/\/api.w.org\/{rel}","templated":true}]}}